{"version":"1.0","provider_name":"","provider_url":"https:\/\/garbksiezejgory.pl\/en","author_name":"Sylwia","author_url":"https:\/\/garbksiezejgory.pl\/en\/author\/sylwia\/","title":"Wystawa Rybnik 29.08.2021 -","type":"rich","width":600,"height":338,"html":"<blockquote class=\"wp-embedded-content\" data-secret=\"Qbuj2jaQ9m\"><a href=\"https:\/\/garbksiezejgory.pl\/en\/wystawy\/wystawa-rybnik-29-08-2021\/\">Wystawa Rybnik 29.08.2021<\/a><\/blockquote><iframe sandbox=\"allow-scripts\" security=\"restricted\" src=\"https:\/\/garbksiezejgory.pl\/en\/wystawy\/wystawa-rybnik-29-08-2021\/embed\/#?secret=Qbuj2jaQ9m\" width=\"600\" height=\"338\" title=\"&#8220;Wystawa Rybnik 29.08.2021&#8221; &#8212; \" data-secret=\"Qbuj2jaQ9m\" frameborder=\"0\" marginwidth=\"0\" marginheight=\"0\" scrolling=\"no\" class=\"wp-embedded-content\"><\/iframe><script>\n\/*! This file is auto-generated *\/\n!function(d,l){\"use strict\";l.querySelector&&d.addEventListener&&\"undefined\"!=typeof URL&&(d.wp=d.wp||{},d.wp.receiveEmbedMessage||(d.wp.receiveEmbedMessage=function(e){var t=e.data;if((t||t.secret||t.message||t.value)&&!\/[^a-zA-Z0-9]\/.test(t.secret)){for(var s,r,n,a=l.querySelectorAll('iframe[data-secret=\"'+t.secret+'\"]'),o=l.querySelectorAll('blockquote[data-secret=\"'+t.secret+'\"]'),c=new RegExp(\"^https?:$\",\"i\"),i=0;i<o.length;i++)o[i].style.display=\"none\";for(i=0;i<a.length;i++)s=a[i],e.source===s.contentWindow&&(s.removeAttribute(\"style\"),\"height\"===t.message?(1e3<(r=parseInt(t.value,10))?r=1e3:~~r<200&&(r=200),s.height=r):\"link\"===t.message&&(r=new URL(s.getAttribute(\"src\")),n=new URL(t.value),c.test(n.protocol))&&n.host===r.host&&l.activeElement===s&&(d.top.location.href=t.value))}},d.addEventListener(\"message\",d.wp.receiveEmbedMessage,!1),l.addEventListener(\"DOMContentLoaded\",function(){for(var e,t,s=l.querySelectorAll(\"iframe.wp-embedded-content\"),r=0;r<s.length;r++)(t=(e=s[r]).getAttribute(\"data-secret\"))||(t=Math.random().toString(36).substring(2,12),e.src+=\"#?secret=\"+t,e.setAttribute(\"data-secret\",t)),e.contentWindow.postMessage({message:\"ready\",secret:t},\"*\")},!1)))}(window,document);\n\/\/# sourceURL=https:\/\/garbksiezejgory.pl\/wp-includes\/js\/wp-embed.min.js\n<\/script>","description":"NASZE SZCZENIAKI! Cola i Milou zostali rodzicami PRZYJMUJEMY REZERWACJE! SKONTAKTUJ SI\u0118 Z NAMI! Mi\u0119dzynarodowa Wystawa Ps\u00f3w Rasowych w Rybniku Kolejna wystawa za nami..\u00a0 Amida uzyska\u0142a lokat\u0119 1, ocen\u0119 doskona\u0142\u0105, otrzyma\u0142a tytu\u0142 Najlepszej Doros\u0142ej Suki oraz Zwyci\u0119zca P\u0142ci Przeciwnej (BOS) Herse uzyska\u0142a lokat\u0119 1, ocen\u0119 doskona\u0142\u0105 oraz CWC Dublet uzyska\u0142 lokat\u0119 1, ocen\u0119 doskona\u0142\u0105, Zwyci\u0119zca M\u0142odzie\u017cy....","thumbnail_url":"https:\/\/mllxgtxxmqct.i.optimole.com\/w:1024\/h:703\/q:mauto\/f:best\/https:\/\/garbksiezejgory.pl\/wp-content\/uploads\/2020\/09\/DSC08800.jpg"}

NASZE SZCZENIAKI! Cola i Milou zostali rodzicami PRZYJMUJEMY REZERWACJE! SKONTAKTUJ SIĘ Z NAMI! Międzynarodowa Wystawa Psów Rasowych w Rybniku Kolejna wystawa za nami..  Amida uzyskała lokatę 1, ocenę doskonałą, otrzymała tytuł Najlepszej Dorosłej Suki oraz Zwycięzca Płci Przeciwnej (BOS) Herse uzyskała lokatę 1, ocenę doskonałą oraz CWC Dublet uzyskał lokatę 1, ocenę doskonałą, Zwycięzca Młodzieży....
